 be u(-6). Let x be 3 - (q + (2 - 6)). Let d be -2 + 3/(x/12). Give k(d).
3
Let d(n) = -8*n. Let k(q) = -21*q + 1. Let y(r) = -8*d(r) + 3*k(r). Let a(p) = p**2 - 9*p + 7. Let b be a(7). Let g = 2 + b. What is y(g)?
-2
Let s(y) = -6*y**2 + y - 1. Let g be s(-1). Let h(t) = t**2 + 8*t - 11. What is h(g)?
-11
Suppose 5*c - 4*j - 24 = 0, -2*c - 2*c + 21 = -5*j. Suppose -c + 20 = -4*p. Let z(m) = m**2 + 5*m - 2. What is z(p)?
-6
Let n(p) = 2 - 3 + p - 4 + 1. Let q be n(3). Let l(d) = 3*d**2 + 1. What is l(q)?
4
Let f(y) = y - 16. Let j(v) = v**2 - 11*v + 26. Let q be j(9). Determine f(q).
-8
Let o(m) = m**2 - 7*m + 3. Let c(f) = -f + 1. Let y(i) = -4*c(i) + o(i). Determine y(3).
-1
Let y = -17 + 16. Let k(c) = c - 1. Let a(v) = 8*v - 8. Let o(n) = y*a(n) + 6*k(n). Let m be (6/8)/(1/4). What is o(m)?
-4
Let i(k) = 2*k - 7. Let w = 12 - 20. Let j = 7 + -20. Let o = w - j. Determine i(o).
3
Suppose -2*n + 2*w + 18 = 0, 3*n + 4 - 15 = -w. Let x(k) = -6*k - 2. Let h(a) = -a - 1. Let s(r) = n*h(r) - x(r). Give s(4).
1
Let o(x) = x**2 + 3*x + 7. Let t(u) = -4*u**2 - 13*u - 29. Let z be (-4)/(-10) + 32/20. Let a(s) = z*t(s) + 9*o(s). Determine a(0).
5
Let q(m) = -m**3 + 2*m**2 + 2*m - 2. Let l = 7 + -5. Let p be q(l). Let y(g) = -3*g + 4*g + 0*g + p*g. Calculate y(3).
9
Suppose -2*f = -5*j - 3*f - 80, -3*f = -2*j - 32. Let d = j + 20. Let r(c) = c + 2. Calculate r(d).
6
Let m = -1 - -6. Let u(g) = 5 - g**2 - g**3 + 0*g - g + m*g**2. What is u(4)?
1
Let n(g) = g - 4. Let s be n(7). Let j(o) = s*o**2 - 2*o - 6*o**2 - 3*o + 3 + 2*o**2. Calculate j(-6).
-3
Let g(o) = -o - 2. Let v be (-6)/(-9)*-3 + 2. Suppose 4*k - 3*k = v. Determine g(k).
-2
Let b(d) = -d**2 + 3*d - 3. Let p(k) = -k**2 + 7*k + 7. Let f be p(7). Let h = 3 - f. Let n(v) = -2*v - 5. Let u be n(h). Give b(u).
-3
Let x = 6 - 11. Let o be (-2)/x + 44/(-10). Let u(p) = -p**2 - 3*p + 1. Calculate u(o).
-3
Suppose 0 = -7*x + 2*x. Let d(n) = -n**2 + 4 + x + 4*n + 0. Let y(j) = 2*j - 6. Let o be y(5). Give d(o).
4
Let j(i) = 4*i**2 - 3*i + 2. Let h be j(1). Let y(g) = g**2 - 3*g + 2. Determine y(h).
2
Let l(m) = -2*m**3 + 2*m**2 - 2*m + 1. Let q be -5*(-8)/20 + -1. What is l(q)?
-1
Let s = -722 - -728. Let k(j) = 9*j - j + 0*j**3 - 8 - j**3 + 5*j**2. Determine k(s).
4
Let s(h) = -h**2 + 10*h - 9. Let u be s(9). Let w = -3 - u. Let l(a) = 2*a + 2. Give l(w).
-4
Suppose 4*x - 60 = 3*m, 2*x - 30 = m + 4*m. Suppose 0 - x = j. Let k be 3/(-3 + j/(-4)). Let h(o) = o - 5. What is h(k)?
-1
Let g(u) = -u**3 + 5*u**2 - 5*u + 5. Let c be -12*((-4)/3)/4. Determine g(c).
1
Let h(g) = 0*g + 0 - 1 + 2*g. Suppose -5*l - 2*v = -0*v - 29, -4*v + 3 = -l. Determine h(l).
9
Let b(t) be the second derivative of t**6/120 - t**5/15 + t**4/12 - t**3/3 + 3*t**2 - 11*t. Let a(d) be the first derivative of b(d). Give a(4).
6
Let r(u) = 15*u**3 + 12*u - 3*u**3 + 11*u**2 - 13*u**3 - 4. Give r(12).
-4
Let h(j) = -j. Let z be (16/6)/((-4)/(-6)). Let f(d) = 2*d - 2. Let c be f(z). Calculate h(c).
-6
Suppose -6*o - 4 = -10*o. Let p(j) = 9*j**2 - 1. Give p(o).
8
Let k(n) = 4*n**2 - n - 2. Let v(o) = 2 + 0 - 12*o + 9*o - o**2. Let b be v(-4). Determine k(b).
16
Let x(b) = -2*b. Suppose -5*r + 20 = -2*c, -27 = -2*r + 3*c - 8. Suppose r*h + 2*h = 0. Suppose -3*s + h*n + 3 = -n, -n = s - 5. Calculate x(s).
-4
Suppose -5*g = -4 - 16. Let x be g/(-10) + 6/15. Let s(j) = -j - 2. Give s(x).
-2
Let k(j) be the second derivative of -j**4/6 + 5*j**3/6 - 2*j**2 + 6*j. Let t be 2/(-3) + (-22)/(-6). What is k(t)?
-7
Let k = -4 + 6. Let o(x) = 3 - 5*x**3 + x**3 - 4*x**k + x**3 + 7*x + 2*x**3. Let n be (-5)/(5/6) - -1. Give o(n).
-7
Let u(t) = -t**2 + 4*t + 7. Let a(c) = c**3 + 17*c**2 + 15*c - 11. Let x be a(-16). Determine u(x).
2
Let j(w) = w - 5. Let o(x) = 1. Let y(k) = -j(k) - 5*o(k). Determine y(1).
-1
Let z(o) be the third derivative of o**5/60 - 7*o**4/24 + 7*o**3/6 - 7*o**2. What is z(7)?
7
Let d(z) = -46*z + 86*z - 42*z + 0 + 1. Give d(2).
-3
Let h(z) = -z**2 - 3*z + 7. Suppose -3*o - o = -12. Let j(m) = m**2 - m. Let g be j(o). Let y = g - 11. Give h(y).
-3
Suppose 0*l - 23 = -2*u + 5*l, -3*l = 15. Let x(p) = 8*p**2 + p. Determine x(u).
7
Suppose 0 = 2*r + 3*b - 26 - 17, -3*r + b + 92 = 0. Let v = -19 + r. Let t be 2/v*(1 - -4). Let n(l) = 8*l - 1. Determine n(t).
7
Let d(j) be the third derivative of 3/2*j**3 - 1/12*j**4 + 0 + 0*j - j**2. Let f(l) = l - 5. Let t(p) = -3*d(p) - 7*f(p). Give t(0).
8
Let n(d) = -d + 1. Let z be n(0). Let r(i) = -22*i - 7. Let f(l) = 2 + 5*l + 0*l + 2*l. Let h(x) = -7*f(x) - 2*r(x). What is h(z)?
-5
Let y(h) = 3*h + 23. Let s be y(-6). Let f(u) be the second derivative of -u**3 - 2*u + 0 + 1/20*u**s - 1/3*u**4 + 2*u**2. Give f(5).
-1
Let u(h) = 4*h**2 + 4*h - 1. Let w = 25 + -28. Calculate u(w).
23
Suppose -z + 5*i - 10 = 0, 3*z - 5*i + 10 = -0*z. Let g(d) = -d**2 - d + 10. Let v(j) = -3*j**2 - 2*j + 21. Let c(o) = -5*g(o) + 2*v(o). What is c(z)?
-8
Let j(u) = u**2 - 5*u + 9. Let c be j(3). Let w(k) = 9*k**2 - 7*k**2 - 3 - k**3 - 4*k**2 + c*k. Suppose -5*m + 2*r = r + 19, -2*r = -8. What is w(m)?
-3
Let u(a) = 14*a**2 - 18*a + 11. Let k(l) = -5*l**2 + 6*l - 4. Let c(p) = 11*k(p) + 4*u(p). What is c(5)?
-5
Let l(s) = 12*s + 1. Let j = 19 + -20. Determine l(j).
-11
Suppose 5*h = 4*h - 13. Let k = h + 20. Suppose -4*u + k = -17. Let y(f) = -f**2 + 7*f - 8. What is y(u)?
-2
Let c = -8 + 13. Let f(q) = q**2 - 5*q - 6. Let h be f(c). Let t = h + 9. Let w(j) = -j**2 + 3. Calculate w(t).
-6
Let i(n) = -4*n**2 + 5*n + 10*n**2 - 6*n**2 - 2 + n**2. What is i(-6)?
4
Let b(w) = -w**3 - 2*w**2 + 3*w - 3. Suppose 797 - 167 = 6*k. Let m be (-30)/k - (-38)/(-14). Determine b(m).
-3
Let s(z) be the third derivative of -z**6/120 + z**5/12 - z**4/6 + z**3/3 - 10*z**2 + 2. Let b be -5*1*4/(-10). What is s(b)?
6
Suppose -r + 13 = 2*u + 2*r, -5*u + 5*r = -45. Let h(i) = -u*i + 2 - 6 - i**2 - 3. Let t(q) = -q**2 - 7*q - 6. Let a(z) = -5*h(z) + 6*t(z). Determine a(-2).
-1
Let p(k) = 2*k. Let i be ((-30)/(-45))/((-1)/3). What is p(i)?
-4
Let a(g) = g**2 - 2*g. Suppose -19 - 13 = -8*k. What is a(k)?
8
Let a(h) be the first derivative of 5*h**4/24 + h**3/6 + 5*h**2/2 - 3. Let f(g) be the second derivative of a(g). Give f(1).
6
Let q(r) = 32 + 8*r - r**2 - 30 + 2*r. Calculate q(10).
2
Let k be 5*-4*9/(-30). Let n(i) = i**2 - 8*i + 6. Give n(k).
-6
Suppose -3*w = 3*q, -4*w + 40 = -5*q + w. Let a be q/(-1) - (-2 - -3). Suppose 0 = a*m + m + 8. Let z(n) = 3*n**2 + 4*n + 2. What is z(m)?
6
Let k(d) = d - 2. Let y(c) = 1. Let g(x) = -k(x) - 2*y(x). Determine g(0).
0
Let y(h) = 3*h. Let c(m) = 16*m + 1. Let u(n) = -2*n + 4. Let d be u(3). Let l(z) = d*c(z) + 11*y(z). What is l(2)?
0
Let a(b) = 10*b**2 - 5*b + 5 + 4*b**2 - 2*b + 0*b. Let n(j) = 13*j**2 - 6*j + 4. Let x(v) = 5*a(v) - 6*n(v). Let i = -1 - 0. Determine x(i).
-8
Let c(z) = -3*z**2 - z - 29. Let w(v) = v**2 + 10. Let t(s) = -6*c(s) - 17*w(s). Let y be t(-3). Let b(q) = q**2 + 4*q - 5 + 1 - 1. Calculate b(y).
0
Let x(t) be the third derivative of t**6/120 - t**5/12 + t**4/6 - t**3/3 + 45*t**2 - 3*t. Let y be 6 + 3/((-3)/2). Let q be y/5*(-1 + 6). Give x(q).
-2
Suppose 2*s = x + 4, 0*s + 3*x = -3*s + 6. Let d(b) = -s*b + b + b + 4*b. What is d(-1)?
-4
Let d(y) be the first derivative of -y**4/4 - 5*y**3/3 + 3*y**2 - 7*y + 126. Let a be -5 + -2 + (1 - 0). Determine d(a).
-7
Let f(x) = -x**3 - x**2 - x + 1. Let v(y) = -2*y**3 - 4*y**2 - 3*y + 11. Let b = -12 - -9. Let l(p) = b*f(p) + v(p). Give l(0).
8
Let y(g) = -5*g + 0*g - 2 + 7 + g**2. Suppose 7*r - 19 - 16 = 0. Give y(r).
5
Let v(c) = -c**2 - 4*c + 6. Let u(p) = p**2 + p - 6. Let w be u(0). Let q be v(w). Let f be 3/(-9) - 2/q. Let x(j) = j + 2. What is x(f)?
2
Let a(s) = s**3 + 3*s**2 - 5*s - 3. Let y be a(-4). Suppose 2 = -0*c + c. Let m(o) = -2*o - c + 2. What is m(y)?
-2
Let h(s) be the first derivative of -1/2*s**2 - 4 + 0*s. Suppose 2*o + 2*v - 12 = -2*o, -16 = -4*o - 4*v. Give h(o).
-2
Let k(i) = i**2 + i - 4. Suppose 4*c - c = -9. Let y be k(c). Let x(d) be the third derivative of d**6/120 + d**5/60 - d**4/24 - 5*d**2. Determine x(y).
10
Let i(t) = 4*t - 3*t + 0 - 1. Let u be -1 - ((-2 - -3) + -6). Give i(u).
3
Let g(u) = 5*u**2 + 3*u**2 - 6*u**2 - u. Calculate g(3).
15
Let t(b) be the first derivative of b**3/3 - 2*b**2